hat is z(w)?
8
Let b(i) = 2*i - 1. Suppose a + 4*m - 14 = -2*a, 0 = 4*a - 5*m + 2. Let f = -4 + 6. Suppose -2*o - a = f. Calculate b(o).
-5
Let z(v) = 5*v**2 - 2*v + 1. Let m be -2*((-4)/(-8) - 1). What is z(m)?
4
Let h = 8 - 14. Let z = h - -10. Let o(b) = -b**3 + 2*b**2 + 6*b - 1. Determine o(z).
-9
Let s(o) = 2 - 1 + 0*o + o. Let v(t) = 12*t + 0*t**2 + t**2 - 4*t + 4 + 2. Let d be v(-7). What is s(d)?
0
Suppose -30 = -5*c - 0. Let d(b) = -b + 6. Determine d(c).
0
Let s = -20 - -25. Let d(b) be the third derivative of 0*b - b**2 - 1/24*b**4 + 0 - 1/120*b**6 + 1/15*b**s + 0*b**3. Calculate d(2).
6
Let r(o) be the first derivative of -o**4/4 + o**3 + o**2 - o + 2. Give r(2).
7
Let p(t) = t + 5. Let j be (4 - 3)*(2 + -16). Let u = -10 - j. Let d be 2/u*(-2 + -6). Give p(d).
1
Let f(a) = -a**3 - 3*a**2 + 3*a - 3. Suppose 0 = -4*x + x - 30. Suppose 14 = -2*y - 2*m, -5*y - 10 = -3*m + 9. Let i be ((-8)/x)/(1/y). What is f(i)?
1
Let d(n) be the second derivative of -n**3/2 + 2*n**2 + 22*n. Suppose 0 = -3*b + 2*b + 4. Calculate d(b).
-8
Let h = 33 + -39. Let c(u) = -2*u - 3. Give c(h).
9
Suppose 3*k - 6 = 4*k - 2*a, 3*k - a + 8 = 0. Let b(h) = 2*h**3 + h**2 + 2. Calculate b(k).
-10
Let c(z) = -z**3 - 2*z**2 + z - 3. Let s be c(-3). Let p(i) = 2*i + 0*i**2 + s*i**3 + i**2 - 2*i. Suppose 8 = -2*q + t + 4*t, -4 = 4*q - 4*t. Calculate p(q).
4
Let y(k) be the second derivative of k**3/3 - 3*k**2 + 11*k. Let n(w) = 4*w**3 + w - 1. Let s be n(1). Give y(s).
2
Let k(v) = -4*v**3 + 4*v**2 + 5*v + 3. Let c(p) = -2*p**3 + 2*p**2 + 3*p + 2. Let l(g) = 5*c(g) - 3*k(g). Calculate l(1).
1
Suppose 2*g = 6, -3*b + 0*g = -4*g - 6. Suppose l + 5*z = 9, 3*z = 2*l + z - b. Let s(r) = -5*r**3 + 4*r**3 - 2 + 6*r**2 - r - l*r. Calculate s(5).
-2
Let a(n) be the third derivative of n**5/60 - n**4/4 + n**3 - n**2. Suppose -17 = -5*x - 3*r, -2*r + 3*r = 5*x - 21. What is a(x)?
-2
Let p(d) = -2*d + 12. Let z(h) = -2*h + 11. Let k(w) = -6*p(w) + 7*z(w). Let s be k(5). Let x(q) = 2*q + 5*q - q**2 + 2*q**2 + 5. What is x(s)?
-5
Let y(h) be the second derivative of 2*h**4/3 - h**2/2 + 9*h. Give y(-1).
7
Let m be 2/(3 + -4 - 0). Let o be 0 - (7 - m)/3. Let h(u) = 2*u - 4. Let p(d) = d - 1. Let i(l) = -3*h(l) + 8*p(l). Give i(o).
-2
Let c(f) = -f**3 - 4*f**2 + 11*f - 8. Let g be c(-6). Let o(a) = a**2 - 1. Determine o(g).
3
Let p(v) = v**3 - 2*v**2 + 3*v. Suppose -3*l + 6 = -4*l. Let b be 5 + l*4/8. Give p(b).
6
Let s(c) be the second derivative of c**5/20 + c**4/12 - c**3/3 + 2*c. Let f be s(-2). Let l(v) = v**3 + v**2 + 2. What is l(f)?
2
Let o = 5 + -14/3. Let c(u) be the second derivative of 2*u**2 - o*u**3 - 1/12*u**4 + u + 0. Calculate c(-3).
1
Let f = 7 - 6. Suppose -5*c = -f + 21. Let d(q) be the third derivative of -q**6/120 - q**5/20 + q**4/12 - 2*q**3/3 - q**2. Give d(c).
4
Let o(x) be the first derivative of -3*x**2 + x + 59. Let h = -2 - 0. Give o(h).
13
Let j(y) = -y**2 + 9*y + 6. Suppose 0 = 3*r - 23 - 4. What is j(r)?
6
Let d(w) be the third derivative of w**5/60 + 5*w**4/24 + 2*w**3/3 - 2*w**2. Determine d(-4).
0
Let h(w) be the third derivative of 0*w**3 + 0 - 1/60*w**5 - 6*w**2 - 1/8*w**4 + 0*w. Determine h(-3).
0
Let z = -20 - -14. Let n = -7 - -11. Let y(o) = -2 + n*o + 0 - 3*o. Calculate y(z).
-8
Let o(n) be the second derivative of n**4/12 - 5*n**3/6 + 3*n**2/2 + 35*n. Suppose 3 = -c + 8. Calculate o(c).
3
Let l be (0 + -2 + 1)/(-1). Let r be ((-2 - -1)*-1)/l. Let q(m) = -4*m + 7. Let d(j) = -8*j + 13. Let i(p) = -6*d(p) + 11*q(p). Give i(r).
3
Let a(c) be the first derivative of c**4/4 + 4*c**3/3 - 3*c**2 - 7*c + 2. Suppose 5*t = -3*s - 125, -2*t + 132 = -0*s - 4*s. Let g be s/7*(2 + -1). Give a(g).
-2
Let z(s) be the second derivative of s**5/20 + 5*s**4/12 + s**3/3 + 5*s**2/2 - 8*s. What is z(-4)?
13
Let b(d) = -4*d + 5*d + 4*d - 12 + 4 + d**3 - 7*d**2. What is b(6)?
-14
Let w(s) = 12*s - 2. Let f(v) = 24*v - 3. Let l(t) = -3*f(t) + 5*w(t). Determine l(1).
-13
Let z(s) = s**3 - 4*s**2 + 2. Let g be (-3)/2*24/(-9). Let p be z(g). Let f(q) = 4*q + 2*q**2 - 1 - 4 + 6 - p*q. What is f(-2)?
5
Let m(y) = 5*y**2 + 6*y + 6. Let j(w) = w**2 + w + 1. Let x(i) = -6*j(i) + m(i). Give x(0).
0
Let c = 20 - 37. Let b = -20 - c. Let r(l) be the second derivative of -l**5/20 - l**4/4 + l**3/6 - 2*l. What is r(b)?
-3
Suppose 4*j + j = -10. Let b(l) = 4*l**3 - 3*l**3 - 7*l + 5*l + 1 - 4. Determine b(j).
-7
Let b be 1/(-4)*(0 - 4). Let u(n) be the first derivative of -n + b + 7/2*n**2. Determine u(1).
6
Let x(n) = -n**2. Let q(f) = -3*f**2 + f + 1. Let i(m) = -q(m) + 6*x(m). What is i(2)?
-15
Let m(o) = -o**2 + 5*o + 5. Let v be m(5). Suppose 0 = -c - p - 3 + 8, -3*p = -6. Let f(u) = 3 - 5*u - u**c + 3 + 3*u**2 + 0*u**3 + 3*u**2. Determine f(v).
6
Suppose 0 = -4*y + 2 + 6. Let w be 5*(33/15 - y). Let o(g) = 9*g**2 - 1. Determine o(w).
8
Let g = 3 + -1. Let o(a) = g*a + 1 + 1 - 5. Give o(2).
1
Let j(x) = x**3 + 3*x**2 - 3*x - 4. Let c = -1 - -6. Suppose 0 = c*w + 15, -4*w + 6 = d + 22. Calculate j(d).
-8
Let q(k) = -1 - 46*k + 0*k**3 - 12*k**3 - k**2 + 48*k + 2*k**3. What is q(1)?
-10
Let p(h) = -h - 4. Let r(c) = -c**2 + 7*c - 11. Let x be r(5). Let f = 2 - x. Determine p(f).
-7
Let m(n) = 3*n**3 - 3*n**2 - n - 4. Suppose 4*f + g = -21, 2*f - 5*g + 4 + 1 = 0. Let h(j) = j**3 - 2*j**2 - j - 2. Let l(q) = f*h(q) + 2*m(q). Determine l(-4).
-10
Let h be 3*(4/(-2) + 25/15). Let t(z) = -4*z**2 + 1 - 5 + 3 - 2*z. Calculate t(h).
-3
Let k = 14 + -13. Suppose -2*y - k = -3*v - 10, 0 = -4*v + 4. Let p(w) = w - 9. Calculate p(y).
-3
Let o(k) be the second derivative of k**4/6 - k**2/2 + 3*k. Let n(a) be the first derivative of o(a). What is n(-1)?
-4
Let w = -14 + 13. Let k(l) = 4*l**2 + 1. Give k(w).
5
Let t(w) = -w**2 + w - 2. Let j(s) = -3*s**2 + 3*s - 7. Let c(r) = -2*j(r) + 7*t(r). Give c(3).
-6
Let i(d) = -d**2 + d - 7. Let f(l) = l + 1. Let r(k) = 3*f(k) + i(k). Determine r(3).
-1
Let i(k) = k**3 - 7. Let u be i(0). Let s be (-26)/u + 4/14. Let g(l) be the first derivative of -l**2/2 - l + 12. Determine g(s).
-5
Let t(d) = -1 + 2*d - 2 - 2*d - d. Let s(x) = 6*x + 1. Let y be s(2). Suppose 2*m = g, -5*g + y = 3*m - 13. Give t(g).
-7
Suppose -60 = 5*c + 5*c. Let z(q) = q**2 + 6*q + 2. Calculate z(c).
2
Suppose 0 = -4*u - 0*u + 20. Let c(k) = -k**3 + 6*k**2 - 7*k + 6. What is c(u)?
-4
Let r(l) = -l**2 + 2*l + 5. Suppose 4*j = 6 - 18. Let k be (-3)/j + 0 + 4. Give r(k).
-10
Let w(l) = 11*l + 14*l + l**2 - 6 - 16*l. Give w(-7).
-20
Let y be (-2)/(10/(-11)) + 37/(-185). Let z(j) = -4*j**2 - 2*j + 1. What is z(y)?
-19
Let t(u) = u**2 - 4*u + 4 - 5*u + 4*u. Suppose 7*b - 64 = 3*b. Suppose -2*r - 3*j = -4*r + b, 3*r - 9 = -3*j. What is t(r)?
4
Suppose -i + 0*i - 3 = -2*j, -2*j + 2*i = -2. Suppose j*v - 6 = -v. Let h(z) = -3*z + 3. Determine h(v).
-3
Let y(q) = -q + 3. Suppose -3*t + 2*i = -20, 4*i - i - 15 = 0. What is y(t)?
-7
Let z(t) = -16 + 9*t + 34 - 15. What is z(-2)?
-15
Let p(h) = h**3 - h**2 - 7. Suppose 0 = -6*w + 4*w + 8. Suppose w*n = -n. Calculate p(n).
-7
Let d(k) = k**3 + 10*k**2 + 9*k + 10. Let g(i) = i**3 + 11*i**2 + 10*i + 11. Let l(y) = 4*d(y) - 3*g(y). Let j be (-3*(-3)/(-18))/(1/12). What is l(j)?
7
Let m(f) = -4*f**2 + 2*f - 1. Let s(u) = -8*u**2 + 3*u - 2. Let c = -12 - -10. Let o be (c + 3)/(4/12). Let v(w) = o*s(w) - 5*m(w). Determine v(-1).
-4
Let u(o) = 2*o - 10. Let t be u(7). Suppose 0 = 5*k - 8 - 2. Let q(z) = 3*z - k*z - t*z. Determine q(2).
-6
Let s(f) = -f - 2. Let v be (-17)/3 + 28/42. Let o(d) = d**2 + 4*d + 1. Let a be o(-5). Let w(b) = -b - 1. Let h(t) = a*w(t) + v*s(t). Give h(4).
0
Let h(l) = -2*l. Let b = -6 - -8. What is h(b)?
-4
Suppose -20 = -2*k + 6*k. Let q(u) = -7*u - 2*u - u**2 + 3*u - 3 + u. Let v(x) = -2*x**2 - 9*x - 5. Let s(y) = 7*q(y) - 3*v(y). What is s(k)?
9
Suppose -2*k = 3*d + 31 - 0, -11 = 3*d - 2*k. Let b(z) = 2*z - 3. Give b(d).
-17
Let p(j) = -3*j**2 - 1. Let s(v) = -v - 13. Let b be s(-12). Determine p(b).
-4
Suppose 0 = 4*c + c - 10. Let m(v) = -3*v**c + 3*v - 2*v - 6*v**2. What is m(-1)?
-10
Let q(o) = -2*o**2 + o + 3. Let u(d) = -2*d**3 - 2*d - 1. Let l be u(-1). Determine q(l).
-12
Let v(f) = -3*f - 6. Let c(k) = 2*k + 5. Let j(d) = 5*c(d) + 4*v(d). Determine j(-2).
5
Let g(t) = -t - 2. Let f = 9 - 5. Suppose -2*d = f*a 